 70. What are the prime factors of a?
107
Let y = 83 - 73. Suppose 11*m - 250 = y*m. List the prime factors of m.
2, 5
Let u = 21 + -25. Let a(m) = -m**2 - 6*m - 9. Let p be a(u). What are the prime factors of (8/p)/(1/(-4))?
2
What are the prime factors of 6/(2/6 + (-716)/2256)?
2, 47
Let v be -3 + 1 + 63 + 1. Let i = v + -10. What are the prime factors of i?
2, 13
Let f(d) = 4*d**2 - 15*d - 205. List the prime factors of f(-13).
2, 3, 37
Let b(q) = -8*q - 10. Let j be b(-11). Suppose 0 = -5*v + d + 417, 2*d = v - 0*d - j. List the prime factors of v.
2, 3, 7
Suppose 0 = 2*g - 2*m - 2108, -2*g + 1906 = m - 217. List the prime factors of g.
3, 353
Let a(x) = -354*x - 319. What are the prime factors of a(-5)?
1451
Let k(y) = y**3 + y**2 - y + 3. Suppose -2*q + 7*q + 25 = -s, -4*s = 5*q + 25. Let a be k(s). Suppose -246 = -a*d - 30. What are the prime factors of d?
2, 3
Let q = 495 + -234. What are the prime factors of q?
3, 29
Suppose 5*o - 1634 - 816 = 0. What are the prime factors of o?
2, 5, 7
Let c(q) = -q**3 + 7*q**2 + 8*q + 5. Let y be c(8). Suppose 4*x - y*z - 127 = 0, z - 67 = -x - x. What are the prime factors of x?
3, 11
List the prime factors of 1 + (-27)/15 - 3844/(-5).
2, 3
What are the prime factors of (11 - (-255)/(-25))/((-4)/(-10))?
2
Let c(g) = 19*g**2 + g + 8. Suppose -12*z + 17 - 53 = 0. List the prime factors of c(z).
2, 11
Suppose 0 = -0*s + 3*s - 63. Let n(p) = p**3 - 13*p**2 - 2*p + 26. Let f be n(13). Suppose f*u = -u + s. What are the prime factors of u?
3, 7
Let f = 113 - -68. List the prime factors of f.
181
Suppose -14*f - 563 + 2999 = 0. Suppose 3*k + f = 5*k. What are the prime factors of k?
3, 29
List the prime factors of (144/(-54))/(4/(-1860)).
2, 5, 31
Let i = -10371 - -14833. What are the prime factors of i?
2, 23, 97
Let l(o) = o**2 - 2*o + 1. Let p be l(3). Suppose -p*b - 304 = -4*f, 3*b + 5 = 8*b. What are the prime factors of f?
7, 11
Let y(v) = 5*v**2 + 2*v - 5. List the prime factors of y(3).
2, 23
Let w = 859 - 591. List the prime factors of w.
2, 67
Let o = -1 + 10. Let u = o + 77. What are the prime factors of u?
2, 43
Let t = 26 + -53. Let u be (t/(-6))/((-3)/4). Let w(z) = 3*z**2 + 5*z - 14. List the prime factors of w(u).
2
Let j = 288 - 139. What are the prime factors of j?
149
Let j(z) = 12*z + 70. Let k be j(-6). Let o = 27 - 11. Let y = k + o. List the prime factors of y.
2, 7
Let w be 654/24 - (-3)/(-12). Suppose -2*a = -149 - w. What are the prime factors of a?
2, 11
Let a(n) = -n**3 - 5*n - 80. List the prime factors of a(-9).
2, 347
Let q = -22 + 57. Let x = 114 - q. What are the prime factors of x?
79
Let o be 2/(-8)*(10 - 774). Suppose -4*v - 118 = -2*z, z + v - o = -2*z. List the prime factors of z.
3, 7
Suppose 4*h = 2*o - 8, -2*h + 24 = -3*o - 5*h. What are the prime factors of -4 + (171 - 0) + o?
163
Suppose -s - 2199 + 4130 = 0. List the prime factors of s.
1931
Let v = -51 + 56. What are the prime factors of ((-74)/(-4))/(v/40)?
2, 37
Suppose -5*h - 638 = -4*x, 0 = 3*x - 2*h - 314 - 168. Suppose -u = -7*u + x. List the prime factors of u.
3
Let k(w) = 2*w + 26. Let t be k(-13). Suppose -u - 5*l + 164 = t, -3*u + 4*l + 530 = -0*u. List the prime factors of u.
2, 3, 29
Let z = -14 + 18. Suppose 0 = -z*p + 28 - 12. Suppose p = i - 3. What are the prime factors of i?
7
List the prime factors of -3000*(-7)/(-56)*-6 + -1.
13, 173
Let g be (28/5)/(2/(-60)). Let w = g - -291. What are the prime factors of w?
3, 41
Let d = 34 + 4. Suppose -5*v - d = 12. Let f(j) = j**2 + 10*j + 7. List the prime factors of f(v).
7
Suppose -30 = -10*s + 5*s. Suppose -r + s = -0. Suppose 0 = -8*c + 7*c + r. List the prime factors of c.
2, 3
Let x(k) = -k**3 + 4*k**2 + 2*k - 3. Let s be x(4). Suppose -s*u + 15 = -5. Suppose -22 = -2*n + 4*p + 72, u*n - 5*p = 179. List the prime factors of n.
41
Let k = 5 - 3. Let v be 0*((-2)/(-2))/1. Let t = k - v. What are the prime factors of t?
2
Let y(n) = -n**3 - 16*n**2 - 11*n + 23. Let s be y(-15). Let m = 7 - s. What are the prime factors of m?
2, 11
Let c(b) = -b**3 + 12*b**2 + 13*b + 13. Suppose 0 = -s - 2*s + 24. Let r(n) = 3*n - 11. Let t be r(s). What are the prime factors of c(t)?
13
Let f = 594 + 4393. What are the prime factors of f?
4987
Let y(n) = 151*n + 29. What are the prime factors of y(3)?
2, 241
Let i(h) = -1122*h + 232. List the prime factors of i(-5).
2, 23, 127
Suppose -11753 = -3*q - l, -5*q + l + 16939 = -2644. List the prime factors of q.
3917
Let z(c) = -c**3 + 18*c**2 - 19*c + 36. Let r be z(17). Suppose 4*y - 154 = r*q, y = -y - 2*q + 92. What are the prime factors of y?
41
Suppose -3*w + 4*w + o = 7, -21 = -3*w + 4*o. Let p = w + -9. List the prime factors of (-7)/p*(3 - -1).
2, 7
Suppose -62*g = -59*g - 4089. List the prime factors of g.
29, 47
Suppose 0 = -0*i + 4*i - 12. Suppose -3*q + 2 + 1 = -i*o, 23 = 5*o + 2*q. Suppose -11 = -f - 3*c, o*f + 2*c - 57 = 5*c. List the prime factors of f.
17
Let v(x) = 336*x + 57. List the prime factors of v(14).
3, 23
Suppose 20340 = 11*l + 34*l. What are the prime factors of l?
2, 113
Let w = 5 - 1. Let n = 177 - 75. Suppose w*o = n + 74. List the prime factors of o.
2, 11
Suppose -1 + 0 = 2*r - g, 2*g - 6 = 0. List the prime factors of r/(5/(-80))*(-2 - 9).
2, 11
Suppose -3*m + 115 = 2*m. Suppose 0 = 2*p - 38 - 34. Let u = p - m. What are the prime factors of u?
13
Suppose y + 4*z - 37 = 0, 2*y + 3*z - 65 = -11. Let a = 125 - y. What are the prime factors of a?
2, 13
Let q = 17 - 14. Suppose 5*d + 15 = -t, -2*t + 4*d = 3*d - q. Suppose t = 3*p - 8*p + 10. What are the prime factors of p?
2
List the prime factors of (-82)/4*(-9 - -1 - 2).
5, 41
What are the prime factors of 4436/10*130/52?
1109
Let s = -30 + 15. Let d = s - -28. Let x(k) = -k**3 + 12*k**2 + 14*k - 3. List the prime factors of x(d).
2, 5
Let s(o) be the first derivative of 2*o**3/3 - 27*o**2/2 + 9*o + 11. List the prime factors of s(15).
2, 3
Let o = -551 + 1478. List the prime factors of o.
3, 103
Suppose -45*l = -5*l - 14920. What are the prime factors of l?
373
Suppose 2*o - 4*f - 336 = 0, 2*f + 10 = -0*f. Suppose -t + 5*t + 202 = 5*r, -4*r + 5*t = -o. What are the prime factors of r?
2, 3, 7
Suppose 3*u - 461 = -t, 4*u - 6*t = -4*t + 608. Let w = -63 + u. List the prime factors of w.
2, 3, 5
Let x(p) be the third derivative of -7*p**4/12 - 5*p**3/6 + 3*p**2. List the prime factors of x(-6).
79
Let i(k) = 28*k**3 + 7*k + 25. What are the prime factors of i(5)?
2, 5, 89
Let v be ((-2)/3)/(1/(-15)). Let t(g) be the first derivative of 5*g**2/2 - 8*g - 240. List the prime factors of t(v).
2, 3, 7
Suppose 17546 + 9221 = 13*t. What are the prime factors of t?
29, 71
Let w(n) = -24*n**3 - 2*n**2 - n. Let c be w(-1). Let j = 23 - c. Suppose j = -3*k - k + 164. List the prime factors of k.
41
Let y(l) = 2*l + 2*l - 2*l**2 - 4*l - l**3 + 2. What are the prime factors of y(-5)?
7, 11
Let a(d) = d**3 + 6*d**2 - 16*d + 9. Let c = 86 + -93. List the prime factors of a(c).
2, 3
Let k be (-4)/7 - (-8)/14. Suppose 2*h - h - 2 = k. Suppose -3*j = -3*b + 42, -4*b - h*j = -84 + 10. List the prime factors of b.
17
Let n = 18 - 2. Let r = 1 + n. What are the prime factors of r?
17
Let z(m) = -4*m - 14. Let y be z(-4). Let q(k) = 28*k + 17. What are the prime factors of q(y)?
73
Let q(j) = 1554*j + 3. List the prime factors of q(1).
3, 173
Suppose 52*s + 4095 = 57*s. What are the prime factors of s?
3, 7, 13
Let h(o) = o**2 - 5*o - 6. Suppose 12*i + 20 = 7*i. List the prime factors of h(i).
2, 3, 5
Suppose 3*x - 4*x - 227 = 0. Let h = -89 - x. List the prime factors of h.
2, 3, 23
Let v(z) = -18*z + 15*z - 14*z**3 + 2*z**2 + 31*z**3. What are the prime factors of v(2)?
2, 3, 23
Let x(p) = 5*p**2 + 4*p - 1. Let u be x(-6). Suppose 2*l - u = -1. List the prime factors of l.
7, 11
Let v(t) = t + 2. Let c be v(3). Suppose c*w + 22 + 38 = 0. What are the prime factors of (-6*4/w)/1?
2
Suppose -4*n + 12 = v - 14, v - 5*n - 8 = 0. Suppose -2*k + v = k. What are the prime factors of 195/k*(-8)/(-10)?
2, 13
Let s(v) = -v**3 - 6*v**2 + 5*v - 3. Let f be (-6)/9*42/4. What are the prime factors of s(f)?
11
Let s(i) = -3*i - 15. Let g be s(-6). List the prime factors of 118 - (-4 - ((-1 - g) + 2)).
2, 3, 5
Let v be 3*(69/3 - 4). Let f = -30 + v. What are the prime 